17 - -32) + -7 - 12?
-4
What is 21 - (19 - ((-18 + -2 - 14) + -17))?
-49
-563 + 516 - (-3 + -4 + -2 + 18)
-56
What is the value of -16 + 52 + 56 + -3 + 4 + -3?
90
What is 28 + 37 + -15 + 6 + -141?
-85
-10 + (21 - -4) + (34 - (-35 + 183))
-99
Calculate -3259 - -3333 - (1 - -29).
44
Calculate (46 - 3) + -60 - -12.
-5
Evaluate (2 - ((-5 - 1 - (44 + -41)) + 4)) + 19.
26
Evaluate 224 + (128 - 361) + 132.
123
What is the value of -103 + 112 + -8 + 4 + (-47 - 1)?
-43
Evaluate 0 + 0 + 4 + 50 + -30 + (24 - 9).
39
What is -3 + 1 + 79 + -67 + -22 + -36?
-48
11 - 14 - (-17 + 26 + -8 + (1 - -3))
-8
What is the value of 32 + -28 + (-35 - 1) - (-26 - -20)?
-26
What is the value of 7 + -7 + (-3 - -11 - 3) + 11 + -51?
-35
Evaluate -59 - (53 + 75 + -206).
19
Evaluate (-2 + (-2 - 7 - (-9 - 9)) - 2) + 17.
22
What is the value of -23 - (2 + 46 + -45 + 19)?
-45
Calculate (-25 - -2) + -9 + (20 - 16).
-28
What is 117 - (-96 + (103 - -8))?
102
What is 0 + 27 - (10 - 12 - 1) - (-5 + -2)?
37
What is the value of (118 - 57) + -10 + (-20 - -1) + (-2 - -1)?
31
10 - (50 - 1 - (-314 - -305))
-48
What is (4242 - 4231) + ((2 - 0) + -1 - -9)?
21
0 + 41 - (-426 + 438)
29
-27 + (-1 + 13 - (-3 + 22))
-34
-37 + 56 + (32 - 11)
40
Evaluate 28 + -319 + 91 + 94.
-106
Calculate 36 + 4 + -46 + -9.
-15
What is the value of -1 + (-4 - (-1 - -10)) - ((-24 - -31) + -2)?
-19
Calculate -103 + (-45 - -109 - 42).
-81
Calculate 42 + -34 + -1 - (-3 - (-5 + 0)).
5
What is the value of 8 + (3 - 4) - (-94 + (-46 - -69))?
78
What is (-2 - 32 - -2) + -38867 + 38795?
-104
What is 68 + -63 - -73 - (-3 + 23)?
58
Calculate -73 + (82 + 107 - 68).
48
Calculate 4 + 1 + 81 - (-5 - (-14 + 10)) - 8.
79
Calculate 23 + (11 + -11 - 24 - -15).
14
What is the value of 0 + 15 + -11 + -9 + 16 + -9?
2
Calculate 10 - 41 - 5 - (-86 - 48).
98
Evaluate (4 - -18) + -23 + -85 + -1 + 11.
-76
Evaluate -63 - (14 - (59 - -35)).
17
Calculate -29 + 2 + 28 + -17 - -4.
-12
-5 - ((2 - -59) + -252 + 246)
-60
Calculate 35 - (0 + -3 + 8) - (27 + -15).
18
Evaluate -163 - -91 - (-9 - 0).
-63
Evaluate 439 + -542 - (-16 - 115).
28
Calculate -47 + (43 - (28 + 8)).
-40
What is -14 - ((-110 - 1) + -18) - (24 - 13)?
104
What is (-7 - 0) + (99 - 107) + 60?
45
Calculate -23 + (5 - (-10 + -46)).
38
What is 73 + (7 - (-25 + 83) - -36)?
58
What is the value of (-7 + -38 + 37 - -32) + -52?
-28
Evaluate (129 - -2) + -116 + 9 + 73.
97
(-88 - -4) + 135 + -93
-42
Calculate (0 - -1 - 13) + -11 + 6 - -75.
58
Evaluate -15 - ((36 - 72 - 50) + 50).
21
Calculate 7 - (42 + (-21 - 1 - -10)).
-23
((23 - 13 - 16) + -1 - -2) + -9
-14
Calculate 25 + (68 - 87) - (2 + (4 - 4 - 6)).
10
Evaluate 2 + -8 + (-9 - ((10 - 10) + -3 + -14)).
2
-17 + 13 + -13 + (-23 - -22) + 126
108
What is the value of (-7 + -3 + -3 + 1 - -25) + 14?
27
Calculate 70 + -64 + 31 + -86.
-49
What is the value of -7 - (-49 + -6 - 6 - (0 + (-1 - 3)))?
50
What is the value of -130 - (124 - 43 - 152)?
-59
What is 26 - 9 - -6 - (-50 + 57)?
16
Calculate 12 + -14 + 17 + 12 + 8 + 5 + -2.
38
32 + (19 + 6 + -6 - 15)
36
Evaluate -72 - -64 - (7 - 0 - -8).
-23
Calculate -6 - ((-15 + 8 - 8) + 10 + -39).
38
What is 11 - (-7 - (2 + (-124 - -133 - (1 - -16))))?
12
Evaluate -371 - -338 - (-25 + -11).
3
What is -42 + -44 + 133 - 165?
-118
Evaluate 13 + (-7 + 15 + 3 + -10 - -27 - -7).
48
What is the value of 239 + -325 + -3 + 121?
32
Evaluate 12 + -1 + 0 - (-88 - (79 - 185)).
-7
Evaluate 1 + (5 + -14 - (8 + 15 + (1 - 2))).
-30
What is the value of -20 + (10 - 94) + 67?
-37
4 - (-43 - (38 + -114))
-29
Calculate (-6 - -2) + 18 + (-52 - 20).
-58
What is the value of (39 - 6) + (6 - 7 - -23 - 8)?
47
(20 - (-37 + 72)) + (48 - (-4 + 7))
30
What is (25 - 4) + 852 + -961?
-88
What is the value of -7 + 18 + (272 - 261)?
22
Evaluate (8 - 5 - -4) + (26 + (-27 - -169) - 25).
150
Evaluate -10 - 6 - (-56 - -38 - (-22 - 3)).
-23
What is 1 + -5 + (-1 - (-1 - -38 - (-29 - -31)))?
-40
127 - 81 - (-4 - (0 + 1 + -15))
36
What is the value of -72 + -10 + 66 - -40?
24
What is the value of 10 - (10 + 2 + 1 + -4 - (0 + -18))?
-17
-29 + 62 + 143 + -73
103
What is (3 - 3) + (-7 - -3) + 11 - (-11 + -9)?
27
Calculate 24 + (11 - -32) - 25.
42
2 + (-32 - -24 - ((-4 - -54) + 3)) - 2
-61
What is the value of 0 + -18 + -66 + (172 - 84)?
4
10 + (4 - 11) + 3 - (45 - (-23 - -10))
-52
Calculate 41 - (-2 - ((-44 - -23 - -9) + 26)).
57
What is (23 - 10) + 67 - 53?
27
What is -128 - (-417 - -144) - 254?
-109
What is -1059 + 1038 - (-79 - -1)?
57
Calculate -174 + 179 + (-79 - (-2 - 1)) + 9.
-62
Evaluate -16 + 32 + -43 + 19.
-8
(0 - 36) + 99 + (-85 - 27)
-49
Evaluate (8253 - 8251) + (2 - (2 + -1)) + 0 + -10.
-7
Calculate -19 + 8 + -19 - 3 - (-1 - -14).
-46
Calculate (-4 - 0) + -135 + (3 - -114).
-22
-72 - ((28 - 26) + -51)
-23
What is (-7 - (6 - (-7 + 0 - -9))) + (19 - 68)?
-60
What is -62 + (27 + -35 - (0 - 4)) + 6?
-60
What is the value of -41 + -1 + -9 + (7 - 5) + -7 + 4?
-52
-6 + ((-16 - -22) + -2 - (21 - 59))
36
Calculate 17 + -12 + (9 + -7 + 0 - (-20 + 0)).
27
(-1 - -56) + (8 - -50 - 38) - 6
69
What is the value of (-14 + (11 - 15) - -10) + (26 - -1)?
19
What is the value of 18 + 2 - ((65 - -19) + -53)?
-11
What is the value of 35 + (-26 - (-23 + (-3 - -13))) + -130?
-108
Evaluate -69 + (2 - (24 + -22 + 1)).
-70
Evaluate -6805 - -6756 - (1 - -24).
-74
Calculate -9 + (48 - 65 - (2 - -22)).
-50
Evaluate -139 + 89 - (47 + -71).
-26
(102 - (186 + -80)) + (-1 - (1 - -3))
-9
What is the value of 0 + 19 - 13 - (9 + 20 + -7)?
-16
Evaluate -105 - (-34 + 22 - -8 - 22).
-79
Calculate -10 + (9 + -16 - -14 - -2) - 5.
-6
-16 - 16 - (79 + -78)
-33
What is the value of (-1 - 1) + (219 + -192 - (0 + -25))?
50
What is (-10 - (-28 - 56)) + -141?
-67
What is the value of (154 - 135) + -29 + -1?
-11
-27 - -6 - -37 - 31
-15
What is (-12 - (-145 - -145)) + 128?
116
Calculate (3 - 14 - (-31 - -33)) + -23.
-36
What is the value of 2 - 8 - (28 + (2 - -8 - 19) - 7)?
-18
Evaluate (-14 - (-40 - -18)) + (-55 - 2).
-49
Calculate 20 + 41 + -27 + (35 - 12).
57
What is 1 - (-245 + 205 + (2 - 3 - -10) + -7)?
39
(256 - 265) + (4 + 2 + 1 - 1) - 17
-20
Calculate 8 + -79 + (-12 - -1 - (18 - 17)) + 6.
-77
What is the value of (-1 - -17) + 9 + (0 - -12 - 187)?
-150
Calculate -43 + (14 - 16) + (10 - (1 + 8)) + -4.
-48
Calculate ((-3 - (3 - 4)) + -1 - (2613 - 2642)) + -9.
17
What is -43 + (54 - -31 - -8) - -16?
66
What is the value of (-10 - (1 + -34)) + (-12 - -1) + -1 + 0?
11
Evaluate -89 + 100 - (32 - (-9 + 2 + 5)).
-23
What is the value of -47 - (6 + 14 + -12 + -1 + 2)?
-56
Calculate (56 - (183 + -108)) + -46 + 2.
-63
Calculate 11 + 92 + -129 + 45.
19
What is the value of -1 + (2 - 8) - (-88 + -18 + 39 - -57)?
3
Calculate -8 + (-19 - -26) + (9 - 66 - 3).
-61
Evaluate 135 + -174 + 77 - (0 + (-20 - -3)).
55
Calculate -17 + (-175 + 165 - (4 - (-3 + 0))).
-34
Evaluate (0 + -7 - (-21 + 56) - 4) + (-43 - -44).
-45
Calculate -18 + 2 - (-17 + (18 - -19)) - (4 + 0).
-40
Calculate -1073 - -1140 - ((-13 - 2) + 0 + -3).
85
What is 15 - ((14 - (27 + -3) - -24) + -13)?
14
What is -11 - (-28 - (-8 + (6 - (9 + -5))))?
11
Calculate 351 - 346 - (-8 - 9).
22
What is the value of 9 + -187 + 222 + (-20 - 0)?
24
-270 + 323 - (-2 - 1 - -10)
46
What is 16 + 27 + -18 + -13 + -6 + -65?
-59
What is the value of -9 - (13 - (8 - (-5 + -13 + 11)))?
-7
Evaluate 0 + -13 + 21 - (0 + (82 - (9 + -10))).
-75
Evaluate (0 - 1 - -12) + (66 + -90 - -47).
34
What is the value of -23 + (-22 - (-8 - -31)) + 26?
-42
Evaluate 56 - 70 - (0 - (7 + -7) - 4).
-10
What is -21 + (25 - -24) + (-4 + -15 - 0)?
9
What is (56 - 7) + 149 + -107 + -15?
76
What is the value of (0 - 0) + 193 + 210 + -446?
-43
Evaluate -43 + (-32 + 62 - 2) + (21 - 0).
6
Calculate -15 + (-33 - -18 - -13) + 64.
47
What is 96 + -106 - (-2 - (7 + 17 + 6))?
22
What is the value of 9 + -12 + 1 + -9 - (12 + -13 - 89)?
79
What is the value of 7 + -36 + -1914 + 1941?
-2
-1 + -27 + 1290 + -1300 - 35
-73
What is the value of (25 - -17) + 8 + -8?
42
Calculate (-38 - (-77 + 85)) + 68.
22
Evaluate 21 + (22 - 13) - (10 + 9 + -10).
21
Evaluate 16940 + -16804 + (-83 - -1).
54
What is the value of (4 - (5 + -4)) + -323 + 330?
10
-9 + -13 + (87 - 28)
37
Evaluate (68 - 42) + -43 + (-4 - 1 - -2).
-20
71 + -1 + (123 - 133) + -9 - 9
42
(-161 - (2 + -39 + 16)) + 35
-105
7 - (-14 + (-4 - 